{"id":355,"date":"2025-09-21T09:51:11","date_gmt":"2025-09-21T09:51:11","guid":{"rendered":"https:\/\/adelys-bijoux.fr\/?post_type=product&#038;p=355"},"modified":"2025-09-21T09:51:16","modified_gmt":"2025-09-21T09:51:16","slug":"bracelet-noeud-eternelle","status":"publish","type":"product","link":"https:\/\/adelys-bijoux.fr\/index.php\/product\/bracelet-noeud-eternelle\/","title":{"rendered":"Bracelet N\u0153ud \u00c9ternelle"},"content":{"rendered":"","protected":false},"excerpt":{"rendered":"<p><br data-start=\"18\" data-end=\"21\" \/>Ce bracelet ouvert en\u00a0 plaqu\u00e9\u00a0 or ou argent\u00a0 s\u00e9duit par son design minimaliste rehauss\u00e9 d\u2019un \u00e9l\u00e9gant n\u0153ud central. Symbole d\u2019un lien ind\u00e9fectible et d\u2019une affection qui traverse le temps, le N\u0153ud \u00c9ternelle associe modernit\u00e9 et po\u00e9sie. Sa silhouette \u00e9pur\u00e9e s\u2019adapte \u00e0 toutes les tenues, du quotidien aux soir\u00e9es habill\u00e9es, apportant une touche d\u2019\u00e9clat raffin\u00e9 et de signification profonde \u00e0 chaque geste.<\/p>\n","protected":false},"featured_media":356,"comment_status":"open","ping_status":"closed","template":"","meta":[],"product_brand":[],"product_cat":[20],"product_tag":[],"class_list":{"0":"post-355","1":"product","2":"type-product","3":"status-publish","4":"has-post-thumbnail","6":"product_cat-bracelets","8":"first","9":"instock","10":"shipping-taxable","11":"purchasable","12":"product-type-variable"},"_links":{"self":[{"href":"https:\/\/adelys-bijoux.fr\/index.php\/wp-json\/wp\/v2\/product\/355","targetHints":{"allow":["GET"]}}],"collection":[{"href":"https:\/\/adelys-bijoux.fr\/index.php\/wp-json\/wp\/v2\/product"}],"about":[{"href":"https:\/\/adelys-bijoux.fr\/index.php\/wp-json\/wp\/v2\/types\/product"}],"replies":[{"embeddable":true,"href":"https:\/\/adelys-bijoux.fr\/index.php\/wp-json\/wp\/v2\/comments?post=355"}],"wp:featuredmedia":[{"embeddable":true,"href":"https:\/\/adelys-bijoux.fr\/index.php\/wp-json\/wp\/v2\/media\/356"}],"wp:attachment":[{"href":"https:\/\/adelys-bijoux.fr\/index.php\/wp-json\/wp\/v2\/media?parent=355"}],"wp:term":[{"taxonomy":"product_brand","embeddable":true,"href":"https:\/\/adelys-bijoux.fr\/index.php\/wp-json\/wp\/v2\/product_brand?post=355"},{"taxonomy":"product_cat","embeddable":true,"href":"https:\/\/adelys-bijoux.fr\/index.php\/wp-json\/wp\/v2\/product_cat?post=355"},{"taxonomy":"product_tag","embeddable":true,"href":"https:\/\/adelys-bijoux.fr\/index.php\/wp-json\/wp\/v2\/product_tag?post=355"}],"curies":[{"name":"wp","href":"https:\/\/api.w.org\/{rel}","templated":true}]}}