{"id":376,"date":"2025-09-21T12:27:40","date_gmt":"2025-09-21T12:27:40","guid":{"rendered":"https:\/\/adelys-bijoux.fr\/?post_type=product&#038;p=376"},"modified":"2025-10-12T15:47:58","modified_gmt":"2025-10-12T15:47:58","slug":"collier-coeur-divin","status":"publish","type":"product","link":"https:\/\/adelys-bijoux.fr\/index.php\/product\/collier-coeur-divin\/","title":{"rendered":"Collier C\u0153ur Divin"},"content":{"rendered":"","protected":false},"excerpt":{"rendered":"<p data-start=\"87\" data-end=\"536\"><br data-start=\"105\" data-end=\"108\" \/>\u00c9l\u00e9gant et intemporel, le collier <em>C\u0153ur Divin<\/em> sublime chaque instant d\u2019une touche d\u2019\u00e9clat. Son pendentif en forme de c\u0153ur, d\u00e9licatement serti de zircons scintillants, refl\u00e8te la lumi\u00e8re avec gr\u00e2ce et symbolise la puret\u00e9 des sentiments. Mont\u00e9 sur une fine cha\u00eene dor\u00e9e, il allie romantisme et sophistication, faisant de ce bijou le cadeau parfait pour exprimer l\u2019amour \u00e9ternel ou simplement illuminer ton style au quotidien.<\/p>\n","protected":false},"featured_media":377,"comment_status":"open","ping_status":"closed","template":"","meta":[],"product_brand":[],"product_cat":[23],"product_tag":[],"class_list":{"0":"post-376","1":"product","2":"type-product","3":"status-publish","4":"has-post-thumbnail","6":"product_cat-colliers","8":"first","9":"instock","10":"shipping-taxable","11":"purchasable","12":"product-type-simple"},"_links":{"self":[{"href":"https:\/\/adelys-bijoux.fr\/index.php\/wp-json\/wp\/v2\/product\/376","targetHints":{"allow":["GET"]}}],"collection":[{"href":"https:\/\/adelys-bijoux.fr\/index.php\/wp-json\/wp\/v2\/product"}],"about":[{"href":"https:\/\/adelys-bijoux.fr\/index.php\/wp-json\/wp\/v2\/types\/product"}],"replies":[{"embeddable":true,"href":"https:\/\/adelys-bijoux.fr\/index.php\/wp-json\/wp\/v2\/comments?post=376"}],"wp:featuredmedia":[{"embeddable":true,"href":"https:\/\/adelys-bijoux.fr\/index.php\/wp-json\/wp\/v2\/media\/377"}],"wp:attachment":[{"href":"https:\/\/adelys-bijoux.fr\/index.php\/wp-json\/wp\/v2\/media?parent=376"}],"wp:term":[{"taxonomy":"product_brand","embeddable":true,"href":"https:\/\/adelys-bijoux.fr\/index.php\/wp-json\/wp\/v2\/product_brand?post=376"},{"taxonomy":"product_cat","embeddable":true,"href":"https:\/\/adelys-bijoux.fr\/index.php\/wp-json\/wp\/v2\/product_cat?post=376"},{"taxonomy":"product_tag","embeddable":true,"href":"https:\/\/adelys-bijoux.fr\/index.php\/wp-json\/wp\/v2\/product_tag?post=376"}],"curies":[{"name":"wp","href":"https:\/\/api.w.org\/{rel}","templated":true}]}}